*2 - 10*n + 2. Let k be s(4). What is the remainder when (-112)/(-64)*4*(0 - k) is divided by 39?
37
Let a be 10*6/(-12) + 5. Let h(l) = -2*l - 6. Let g be h(-5). Suppose -s + g*s - 108 = a. What is the remainder when s is divided by 10?
6
Let y(x) = -39 + 0*x**2 + x**2 - x**3 + 0*x**2. Let r be y(0). Let b = r + 51. What is the remainder when 30 is divided by b?
6
Suppose -1690 = -5*b - q + 11717, 0 = -4*b - 5*q + 10734. What is the remainder when b is divided by 61?
58
Suppose 3*q + 5*b - 1323 = 7*b, 2*q = -5*b + 920. Let w(x) = -31*x + 2. What is the remainder when q is divided by w(-2)?
61
Let i(z) = 2*z**2 - 6*z + 9. Let o(j) = 16*j + 100. Let r be o(-6). What is the remainder when 32 is divided by i(r)?
15
Let d(n) = 2*n**2 + 1619*n + 20791. What is the remainder when d(-13) is divided by (-178)/(-4) + (-2)/(-4)?
37
Let m(g) = 3*g**3 - 5*g**2 + 9*g - 2. Let v(l) = l**3 - l**2 + l. Let c(f) = m(f) - 6*v(f). What is the remainder when c(-2) is divided by 3?
2
Let h(w) = -2*w + 38. Let x(s) = 1. Let b(f) = h(f) - 2*x(f). Calculate the remainder when 199 is divided by b(8).
19
Let t(s) = s**3. Let o be (80/24)/(6/9). Suppose q + 0*q + n = 5, 0 = -o*q + n + 7. What is the remainder when 19 is divided by t(q)?
3
Suppose 26 + 24 = 5*q + 4*x, 0 = 3*x + 15. Suppose v = z + 5*v - q, 0 = -z + 3*v. What is the remainder when 42 is divided by z/(-21) - 428/(-28)?
12
Suppose -1744 = -4*s - 4*r, 0*s + 5*r + 907 = 2*s. Let z = 459 - s. Suppose v - 70 = -v. Calculate the remainder when v is divided by z.
17
Suppose 2*v - 21 = -2*v + 3*n, 3*v - 20 = -2*n. Suppose -4*x + v*x - 8 = 0. Let s = 4 - 2. Calculate the remainder when x is divided by s.
0
Let t(u) = -u - 4. What is the remainder when 20 is divided by t(-10)?
2
Suppose 6064 = -5*f + 6334. What is the remainder when 267 is divided by f?
51
Suppose 5*d = -69 + 234. Suppose -16*w + 11*w - y = -303, 3*w - 177 = y. What is the remainder when w is divided by d?
27
Suppose -s + 4*s = 102. What is the remainder when ((-75)/(-135))/((-12)/(-18)) - 235/(-6) is divided by s?
6
Calculate the remainder when 281 is divided by (-48)/(-36)*48 - 0.
25
Let i = 123 + 1727. Suppose 5*k = -3*s + 1942, -4*k + 2*s = 314 - i. Calculate the remainder when k is divided by 65.
61
Let m = 228 - 453. Let g = m + 246. Calculate the remainder when g is divided by 5.
1
Suppose 0 = -2*c + 3*i - 285, 3*i - 1 = 2*i. Let g = c - -64. Let h = -75 - g. Calculate the remainder when 17 is divided by h.
1
Suppose -q + 13 = -19. Suppose -40*i + 200 = -q*i. What is the remainder when 97 is divided by i?
22
Suppose 3*k - 4*k + 3*c = -29, -33 = -2*k + c. What is the remainder when (-46)/((0 + -2)/1) is divided by k?
9
Suppose -4*j + 3*c = -1352, 993 = j + 2*j + 3*c. What is the remainder when j is divided by 86?
77
Suppose -2*z - 9326 = -4*h, 0 = -h - z + 3828 - 1483. What is the remainder when h is divided by 138?
128
Let q(m) = -m**2 - m - 5. Let a be q(0). Let s be 28/a*275/(-22). Calculate the remainder when (-4)/4 + 1 + s is divided by 24.
22
Let a(h) = h**3 - h**2 - 13*h + 37. Calculate the remainder when 223 is divided by a(3).
15
Suppose 0*s + 6290 = 5*s + 3*a, -10 = 2*a. Suppose -7*r - 260 + s = 0. Calculate the remainder when r is divided by 38.
29
Suppose 10*t = 120 + 90. Calculate the remainder when 1525 is divided by t.
13
Calculate the remainder when (-8 + 4)/(9 - 0 - (-4934)/(-548)) is divided by 224.
200
Let x = -1075 - -1550. What is the remainder when x is divided by 137?
64
Suppose 320 = x + x. Let b(y) = 114*y + 469. What is the remainder when x is divided by b(-4)?
4
Let o = 1 + 8. Let i(k) = 45*k - 28. Calculate the remainder when i(1) is divided by o.
8
Suppose -4*l + 4*b + 260 = 0, 84*b + 225 = 3*l + 87*b. Calculate the remainder when 193 is divided by l.
53
Let d(f) = -57*f**3 + 5*f + 5. Let r be d(-1). What is the remainder when (-6)/r - (-22198)/418 is divided by 11?
9
Let a = -35 + 50. What is the remainder when (-3)/((-44)/(-88)*(-12)/358) is divided by a?
14
Let i(x) = -2*x - 14. Let v be i(-7). Suppose v = 7*p + 2*p - 234. Calculate the remainder when p is divided by 3.
2
Suppose -15*d + 2 = -298. Suppose -b = -a + 26 - d, -5*b = 3*a - 18. Calculate the remainder when 32 is divided by a.
2
What is the remainder when -2 - -15 - (35 + -211) is divided by 18?
9
Let b = 23 - -36. Let t(l) = -18*l**3 + l**2 + 3*l + 2. Let f be t(-1). Suppose -f*g + 120 = -6*g. Calculate the remainder when b is divided by g.
9
Let z = 1014 - -273. Calculate the remainder when z is divided by 56.
55
Suppose 78*c - b = 82*c - 36, 5*b = 2*c + 4. Let s = 93 - 21. Suppose 64 + s = c*d. Calculate the remainder when 32 is divided by d.
15
Let x = -16611 - -16624. What is the remainder when ((-38)/4)/((-6)/24) is divided by x?
12
Suppose -4*s + 50 = 6*s. Suppose -1360 = -15*h + s*h. Suppose -3*c = 3*y - 186, -4*y + 2*c - h = -414. Calculate the remainder when y is divided by 19.
10
Suppose -222*u + 219*u = -12, -1480 = -4*r - 3*u. Calculate the remainder when 396 is divided by r.
29
Let y(h) = 6*h + 5. Suppose 23*i + 1392 = 71*i. What is the remainder when y(7) is divided by i?
18
Let l(c) = c**2 - c - 1. Let b be l(-2). Let f = 518 - 486. Suppose -f = -b*h + 3*h. What is the remainder when 60 is divided by h?
12
Let b(l) = -l**3 + 14*l**2 - 21*l - 5. What is the remainder when b(12) is divided by 86/10 - (282/(-30) + 9)?
4
Let c be 0 + 42/(-7) + 4. Calculate the remainder when (-125)/c + (-5)/(-10) is divided by (-4)/(-14) - 220/(-14).
15
What is the remainder when (-6*40/(-27))/(102/459) is divided by 9?
4
Suppose 3*i = y - 2*y + 27, 3*i + 5*y = 15. Calculate the remainder when 31 is divided by (i/12)/(-5) + 4223/246.
14
Suppose 39 = -14*y + 15*y. Suppose -48 = -2*b - 0*b - 5*k, 0 = b - 5*k - y. Calculate the remainder when 55 is divided by b.
26
Suppose 2*a = -1 + 55. Let j(m) = 10*m**2 + 5*m + 9. Let x be j(7). Suppose 5*z = -h + x, z - 118 = 3*h - 6*h. What is the remainder when z is divided by a?
25
Let z = 89 + -84. Suppose -a = -2*a + u + 10, 3*a - 30 = -z*u. What is the remainder when 48 is divided by a?
8
Suppose -124*i + 10912 + 852 = -7456. What is the remainder when 2322 is divided by i?
152
Let o(m) = -17*m - 2*m**2 + 32*m + 93*m + 36 + 36 + 50. Calculate the remainder when (-186)/(-9) - 2/(-6) is divided by o(55).
9
Suppose -19*o + 370 = -1910. Suppose -115*n + o*n = 510. What is the remainder when n is divided by 12?
6
Suppose 5*c + 5*f - 10 = 0, -10*c = -5*c - 5*f - 40. Let n(x) = 23*x - 104. What is the remainder when 428 is divided by n(c)?
10
Suppose 487*u + 2948 = 492*u - 3*h, 0 = u - 3*h - 604. Calculate the remainder when u is divided by 167.
85
Let n be ((-3)/9)/((-39)/18 + 2). Suppose -5*o + 24 = -n*d, 5*d + 2*o + 36 = 2*d. What is the remainder when 65 is divided by (-268)/(-20) + (0 - d/20)?
9
Suppose 3*c + 11 = 17. What is the remainder when -3 - ((-55)/2 - c/4) is divided by (56/(-10))/(12/(-30))?
11
Calculate the remainder when 1839 is divided by (-1312)/369*(-36)/8.
15
Suppose -4*j + 120 = 2*k, 3*j + 2*j + 3*k = 152. What is the remainder when -2 + 65 + 2/(2*3/(-6)) is divided by j?
5
Let j(w) = -w**3 - 4*w**2 + 19*w + 24. Calculate the remainder when j(-7) is divided by 14.
10
Let x = -3803 - -3874. Calculate the remainder when 283 is divided by x.
70
Suppose -3*t - 6 = -6*t. Let c(u) = -u**3 + 3*u**2 - u. Let a = -313 - -326. What is the remainder when a is divided by c(t)?
1
Let b = -1458 - -1504. What is the remainder when 4425 is divided by b?
9
Let o = 24572 - 24532. What is the remainder when 2718 is divided by o?
38
Suppose 2*v - 2695 = -5*w, 4*v - 3*w = 1439 + 3990. Calculate the remainder when v is divided by 7.
4
Let g = -156 + 161. Suppose -12*d + g*u - 75 = -13*d, -15 = 5*u. What is the remainder when d is divided by 9?
0
Suppose -49*b = -47*b + 54. Let r = b + 39. What is the remainder when 238 is divided by r?
10
Let i be 141/(-2 - ((1 - 3) + -3)). Let k = i + -23. Calculate the remainder when k is divided by 24.
0
Calculate the remainder when (1 - -1)/2 + 78 is divided by 9/(-24) + (-96875)/(-3400) + (-8)/68.
23
Let o(h) = h**2 - h + 4. Let p be o(0). Suppose -5*g - 31 = -p*f - 10*g, 5*f - 65 = -g. What is the remainder when (-1)/(-4) - (-1214)/8 is divided by f?
12
Suppose -15*s - 10777 = -